{"id":2014,"date":"2023-11-30T13:18:33","date_gmt":"2023-11-30T13:18:33","guid":{"rendered":"https:\/\/test.tw.grupori.com\/?page_id=2014"},"modified":"2025-04-25T12:55:40","modified_gmt":"2025-04-25T12:55:40","slug":"vid_linea","status":"publish","type":"page","link":"https:\/\/trainingwtf.com\/index.php\/vid_linea\/","title":{"rendered":"Videos L\u00ednea de Fuego"},"content":{"rendered":"\t\t<div data-elementor-type=\"wp-page\" data-elementor-id=\"2014\" class=\"elementor elementor-2014\" data-elementor-settings=\"{&quot;ha_cmc_init_switcher&quot;:&quot;no&quot;}\">\n\t\t\t\t\t\t<section class=\"elementor-section elementor-top-section elementor-element elementor-element-2fee2b5e elementor-section-boxed elementor-section-height-default elementor-section-height-default\" data-id=\"2fee2b5e\" data-element_type=\"section\" data-settings=\"{&quot;background_background&quot;:&quot;classic&quot;,&quot;_ha_eqh_enable&quot;:false}\">\n\t\t\t\t\t\t<div class=\"elementor-container elementor-column-gap-default\">\n\t\t\t\t\t<div class=\"elementor-column elementor-col-50 elementor-top-column elementor-element elementor-element-62ea3f31\" data-id=\"62ea3f31\" data-element_type=\"column\" data-settings=\"{&quot;background_background&quot;:&quot;classic&quot;}\">\n\t\t\t<div class=\"elementor-widget-wrap elementor-element-populated\">\n\t\t\t\t\t\t<div class=\"elementor-element elementor-element-44431a5e elementor-widget elementor-widget-heading\" data-id=\"44431a5e\" data-element_type=\"widget\" data-widget_type=\"heading.default\">\n\t\t\t\t<div class=\"elementor-widget-container\">\n\t\t\t\t\t<h2 class=\"elementor-heading-title elementor-size-default\">Galer\u00eda <\/h2>\t\t\t\t<\/div>\n\t\t\t\t<\/div>\n\t\t\t\t<div class=\"elementor-element elementor-element-8faa9de elementor-widget elementor-widget-heading\" data-id=\"8faa9de\" data-element_type=\"widget\" data-widget_type=\"heading.default\">\n\t\t\t\t<div class=\"elementor-widget-container\">\n\t\t\t\t\t<h2 class=\"elementor-heading-title elementor-size-default\">Videos L\u00ednea de Fuego<\/h2>\t\t\t\t<\/div>\n\t\t\t\t<\/div>\n\t\t\t\t<div class=\"elementor-element elementor-element-a1cd2c6 elementor-widget elementor-widget-button\" data-id=\"a1cd2c6\" data-element_type=\"widget\" data-widget_type=\"button.default\">\n\t\t\t\t<div class=\"elementor-widget-container\">\n\t\t\t\t\t\t\t\t\t<div class=\"elementor-button-wrapper\">\n\t\t\t\t\t<a class=\"elementor-button elementor-button-link elementor-size-sm\" href=\"#section-con\">\n\t\t\t\t\t\t<span class=\"elementor-button-content-wrapper\">\n\t\t\t\t\t\t<span class=\"elementor-button-icon\">\n\t\t\t\t<i aria-hidden=\"true\" class=\"far fa-hand-point-down\"><\/i>\t\t\t<\/span>\n\t\t\t\t\t\t\t\t\t<span class=\"elementor-button-text\">Ver videos<\/span>\n\t\t\t\t\t<\/span>\n\t\t\t\t\t<\/a>\n\t\t\t\t<\/div>\n\t\t\t\t\t\t\t\t<\/div>\n\t\t\t\t<\/div>\n\t\t\t\t<div class=\"elementor-element elementor-element-41146cd elementor-widget elementor-widget-spacer\" data-id=\"41146cd\" data-element_type=\"widget\" data-widget_type=\"spacer.default\">\n\t\t\t\t<div class=\"elementor-widget-container\">\n\t\t\t\t\t\t\t<div class=\"elementor-spacer\">\n\t\t\t<div class=\"elementor-spacer-inner\"><\/div>\n\t\t<\/div>\n\t\t\t\t\t\t<\/div>\n\t\t\t\t<\/div>\n\t\t\t\t\t<\/div>\n\t\t<\/div>\n\t\t\t\t<div class=\"elementor-column elementor-col-50 elementor-top-column elementor-element elementor-element-28fa5edd\" data-id=\"28fa5edd\" data-element_type=\"column\" data-settings=\"{&quot;background_background&quot;:&quot;classic&quot;}\">\n\t\t\t<div class=\"elementor-widget-wrap\">\n\t\t\t\t\t\t\t<\/div>\n\t\t<\/div>\n\t\t\t\t\t<\/div>\n\t\t<\/section>\n\t\t\t\t<section class=\"elementor-section elementor-top-section elementor-element elementor-element-48a45ea elementor-section-boxed elementor-section-height-default elementor-section-height-default\" data-id=\"48a45ea\" data-element_type=\"section\" data-settings=\"{&quot;_ha_eqh_enable&quot;:false}\">\n\t\t\t\t\t\t<div class=\"elementor-container elementor-column-gap-default\">\n\t\t\t\t\t<div class=\"elementor-column elementor-col-100 elementor-top-column elementor-element elementor-element-fbea576\" data-id=\"fbea576\" data-element_type=\"column\">\n\t\t\t<div class=\"elementor-widget-wrap elementor-element-populated\">\n\t\t\t\t\t\t<div class=\"elementor-element elementor-element-762a65c elementor-widget elementor-widget-heading\" data-id=\"762a65c\" data-element_type=\"widget\" data-widget_type=\"heading.default\">\n\t\t\t\t<div class=\"elementor-widget-container\">\n\t\t\t\t\t<h2 class=\"elementor-heading-title elementor-size-default\">Galer\u00eda de Videos:<\/h2>\t\t\t\t<\/div>\n\t\t\t\t<\/div>\n\t\t\t\t\t<\/div>\n\t\t<\/div>\n\t\t\t\t\t<\/div>\n\t\t<\/section>\n\t\t\t\t<section class=\"elementor-section elementor-top-section elementor-element elementor-element-278dc9b elementor-section-boxed elementor-section-height-default elementor-section-height-default\" data-id=\"278dc9b\" data-element_type=\"section\" id=\"section-con\" data-settings=\"{&quot;_ha_eqh_enable&quot;:false}\">\n\t\t\t\t\t\t<div class=\"elementor-container elementor-column-gap-default\">\n\t\t\t\t\t<div class=\"elementor-column elementor-col-100 elementor-top-column elementor-element elementor-element-15ec50b\" data-id=\"15ec50b\" data-element_type=\"column\">\n\t\t\t<div class=\"elementor-widget-wrap elementor-element-populated\">\n\t\t\t\t\t\t<div class=\"elementor-element elementor-element-7b069e1 elementor-widget elementor-widget-shortcode\" data-id=\"7b069e1\" data-element_type=\"widget\" data-widget_type=\"shortcode.default\">\n\t\t\t\t<div class=\"elementor-widget-container\">\n\t\t\t\t\t\t\t<div class=\"elementor-shortcode\"><div class=\"gallery-precon gp1\" style=\"width:100%;height:auto;\"><div class=\"videogallery-con\" style=\"width:100%;\"> <div class=\"dzsvg-preloader loader-container ball-pulse\"> <div class=\"loader\"> <div class=\"line-1\"><\/div> <div class=\"line-2\"><\/div> <div class=\"line-3\"><\/div> <div class=\"line-4\"><\/div> <div class=\"line-5\"><\/div> <\/div> <\/div><div class=\"vg1 transition-fade dzsvg-videogallery videogallery videogallery-1 auto-init id_linea_fuego skin-default navigation-skin--skin-default\"  id=\"lineafuego\"  data-dzsvg-gallery-id=\"lineafuego\"  data-options='{\"settings_menu_overlay\":\"on\",\"menuitem_width\":\"275\",\"menuitem_height\":\"100\",\"menuitem_space\":\"\",\"settings_mode\":\"wall\",\"nav_type_outer_grid\":\"dzs-layout--3-cols\",\"transition_type\":\"fade\",\"design_skin\":\"skin-default\",\"design_navigationUseEasing\":\"on\",\"extra_class_slider_con\":\"dzs-layout--3-cols\",\"videoplayersettings\":\"skinauroradefault\"}'    style=\"background-color:;  height:auto; \"><div class=\"items\"><div   class=\"vp1 vplayer-tobe  show-muted-btn\" data-player-id=\"2457\" data-videoTitle=\"OBJETOS BAJO PRESI&Oacute;N\" data-sourcevp=\"https:\/\/trainingwtf.com\/wp-content\/uploads\/2024\/03\/Hta-10.-Objetos-bajo-presion_1.mp4\"><div class=\"dzsvg-feed dzsvg-feed--extra-html-before-right-controls\"><div class=\"dzsvg-player-button quality-selector show-only-when-multiple-qualities\">{{svg_quality_icon}}<div class=\"dzsvg-tooltip\">{{quality-options}}<\/div><\/div><\/div><div class=\"extra-controls\"><\/div><div class=\"videoDescription feed-dzsvg description-from-parse_items\">L\u00ednea de fuego - Marzo 2024<\/div><div class=\"menuDescription from-parse-items\"><div data-imgsrc=\"https:\/\/trainingwtf.com\/wp-content\/uploads\/2024\/03\/2024-03-20_08h40_37.png\"   class=\"divimage imgblock\"><\/div><div class=\"dzs-navigation--item--title-and-meta\"><div class=\"the-title from-parse-items\">OBJETOS BAJO PRESI\u00d3N<\/div><div class=\"paragraph from-menu-desc-parse-items\">L\u00ednea de fuego - Marzo 2024<\/div><\/div><!-- end .title-and-meta --><\/div><\/div><div   class=\"vp2 vplayer-tobe  show-muted-btn\" data-player-id=\"2454\" data-videoTitle=\"DISPOSITIVOS CON RESORTES COMPRIMIDOS\" data-sourcevp=\"https:\/\/trainingwtf.com\/wp-content\/uploads\/2024\/03\/Hta-09.-Dispositivos-con-resortes-comprimidos_1.mp4\"><div class=\"dzsvg-feed dzsvg-feed--extra-html-before-right-controls\"><div class=\"dzsvg-player-button quality-selector show-only-when-multiple-qualities\">{{svg_quality_icon}}<div class=\"dzsvg-tooltip\">{{quality-options}}<\/div><\/div><\/div><div class=\"extra-controls\"><\/div><div class=\"videoDescription feed-dzsvg description-from-parse_items\">L\u00ednea de fuego - Marzo 2024<\/div><div class=\"menuDescription from-parse-items\"><div data-imgsrc=\"https:\/\/trainingwtf.com\/wp-content\/uploads\/2024\/03\/2024-03-20_08h38_38.png\"   class=\"divimage imgblock\"><\/div><div class=\"dzs-navigation--item--title-and-meta\"><div class=\"the-title from-parse-items\">DISPOSITIVOS CON RESORTES COMPRIMIDOS<\/div><div class=\"paragraph from-menu-desc-parse-items\">L\u00ednea de fuego - Marzo 2024<\/div><\/div><!-- end .title-and-meta --><\/div><\/div><div   class=\"vp3 vplayer-tobe  show-muted-btn\" data-player-id=\"2451\" data-videoTitle=\"IZAJE DE CARGAS\" data-sourcevp=\"https:\/\/trainingwtf.com\/wp-content\/uploads\/2024\/03\/Hta-05.-Izaje-de-cargas_1.mp4\"><div class=\"dzsvg-feed dzsvg-feed--extra-html-before-right-controls\"><div class=\"dzsvg-player-button quality-selector show-only-when-multiple-qualities\">{{svg_quality_icon}}<div class=\"dzsvg-tooltip\">{{quality-options}}<\/div><\/div><\/div><div class=\"extra-controls\"><\/div><div class=\"videoDescription feed-dzsvg description-from-parse_items\">L\u00ednea de fuego - Marzo 2024<\/div><div class=\"menuDescription from-parse-items\"><div data-imgsrc=\"https:\/\/trainingwtf.com\/wp-content\/uploads\/2024\/03\/2024-03-20_08h36_16.png\"   class=\"divimage imgblock\"><\/div><div class=\"dzs-navigation--item--title-and-meta\"><div class=\"the-title from-parse-items\">IZAJE DE CARGAS<\/div><div class=\"paragraph from-menu-desc-parse-items\">L\u00ednea de fuego - Marzo 2024<\/div><\/div><!-- end .title-and-meta --><\/div><\/div><div   class=\"vp4 vplayer-tobe  show-muted-btn\" data-player-id=\"2448\" data-videoTitle=\"OBJETOS CON POTENCIAL DE CA&Iacute;DA\" data-sourcevp=\"https:\/\/trainingwtf.com\/wp-content\/uploads\/2024\/03\/Hta-03.-Objetos-con-potencial-de-caida_1.mp4\"><div class=\"dzsvg-feed dzsvg-feed--extra-html-before-right-controls\"><div class=\"dzsvg-player-button quality-selector show-only-when-multiple-qualities\">{{svg_quality_icon}}<div class=\"dzsvg-tooltip\">{{quality-options}}<\/div><\/div><\/div><div class=\"extra-controls\"><\/div><div class=\"videoDescription feed-dzsvg description-from-parse_items\">L\u00ednea de fuego - Marzo 2024<\/div><div class=\"menuDescription from-parse-items\"><div data-imgsrc=\"https:\/\/trainingwtf.com\/wp-content\/uploads\/2024\/03\/2024-03-20_08h33_09.png\"   class=\"divimage imgblock\"><\/div><div class=\"dzs-navigation--item--title-and-meta\"><div class=\"the-title from-parse-items\">OBJETOS CON POTENCIAL DE CA\u00cdDA<\/div><div class=\"paragraph from-menu-desc-parse-items\">L\u00ednea de fuego - Marzo 2024<\/div><\/div><!-- end .title-and-meta --><\/div><\/div><div   class=\"vp5 vplayer-tobe  show-muted-btn\" data-player-id=\"2445\" data-videoTitle=\"TRABAJO EN ALTURAS - CA&Iacute;DA DE OBJETOS\" data-sourcevp=\"https:\/\/trainingwtf.com\/wp-content\/uploads\/2024\/03\/Hta-04.-Trabajo-en-alturas-caida-de-objetos_1.mp4\"><div class=\"dzsvg-feed dzsvg-feed--extra-html-before-right-controls\"><div class=\"dzsvg-player-button quality-selector show-only-when-multiple-qualities\">{{svg_quality_icon}}<div class=\"dzsvg-tooltip\">{{quality-options}}<\/div><\/div><\/div><div class=\"extra-controls\"><\/div><div class=\"videoDescription feed-dzsvg description-from-parse_items\">L\u00ednea de fuego - Marzo 2024<\/div><div class=\"menuDescription from-parse-items\"><div data-imgsrc=\"https:\/\/trainingwtf.com\/wp-content\/uploads\/2024\/03\/2024-03-20_08h16_01.png\"   class=\"divimage imgblock\"><\/div><div class=\"dzs-navigation--item--title-and-meta\"><div class=\"the-title from-parse-items\">TRABAJO EN ALTURAS - CA\u00cdDA DE OBJETOS<\/div><div class=\"paragraph from-menu-desc-parse-items\">L\u00ednea de fuego - Marzo 2024<\/div><\/div><!-- end .title-and-meta --><\/div><\/div><div   class=\"vp6 vplayer-tobe  show-muted-btn\" data-player-id=\"2114\" data-videoTitle=\"VEH&Iacute;CULOS Y EQUIPO PESADO\" data-sourcevp=\"https:\/\/trainingwtf.com\/wp-content\/uploads\/2023\/12\/12.VEHICULOS-Y-EQUIPO-PESADO_1.mp4\"><div class=\"dzsvg-feed dzsvg-feed--extra-html-before-right-controls\"><div class=\"dzsvg-player-button quality-selector show-only-when-multiple-qualities\">{{svg_quality_icon}}<div class=\"dzsvg-tooltip\">{{quality-options}}<\/div><\/div><\/div><div class=\"extra-controls\"><\/div><div class=\"videoDescription feed-dzsvg description-from-parse_items\">L\u00ednea de fuego - Diciembre 2023<\/div><div class=\"menuDescription from-parse-items\"><div data-imgsrc=\"https:\/\/trainingwtf.com\/wp-content\/uploads\/2023\/12\/2023-12-13_10h20_53.png\"   class=\"divimage imgblock\"><\/div><div class=\"dzs-navigation--item--title-and-meta\"><div class=\"the-title from-parse-items\">VEH\u00cdCULOS Y EQUIPO PESADO<\/div><div class=\"paragraph from-menu-desc-parse-items\">L\u00ednea de fuego - Diciembre 2023<\/div><\/div><!-- end .title-and-meta --><\/div><\/div><div   class=\"vp7 vplayer-tobe  show-muted-btn\" data-player-id=\"2111\" data-videoTitle=\"EQUIPOS EL&Eacute;CTRICOS\" data-sourcevp=\"https:\/\/trainingwtf.com\/wp-content\/uploads\/2023\/12\/11.EQUIPOS-ELECTRICOS_1.mp4\"><div class=\"dzsvg-feed dzsvg-feed--extra-html-before-right-controls\"><div class=\"dzsvg-player-button quality-selector show-only-when-multiple-qualities\">{{svg_quality_icon}}<div class=\"dzsvg-tooltip\">{{quality-options}}<\/div><\/div><\/div><div class=\"extra-controls\"><\/div><div class=\"videoDescription feed-dzsvg description-from-parse_items\">L\u00ednea de fuego - Diciembre 2023<\/div><div class=\"menuDescription from-parse-items\"><div data-imgsrc=\"https:\/\/trainingwtf.com\/wp-content\/uploads\/2023\/12\/2023-12-13_10h17_19.png\"   class=\"divimage imgblock\"><\/div><div class=\"dzs-navigation--item--title-and-meta\"><div class=\"the-title from-parse-items\">EQUIPOS EL\u00c9CTRICOS<\/div><div class=\"paragraph from-menu-desc-parse-items\">L\u00ednea de fuego - Diciembre 2023<\/div><\/div><!-- end .title-and-meta --><\/div><\/div><div   class=\"vp8 vplayer-tobe  show-muted-btn\" data-player-id=\"2108\" data-videoTitle=\"HERRAMIENTAS DE MANO Y DE PODER\" data-sourcevp=\"https:\/\/trainingwtf.com\/wp-content\/uploads\/2023\/12\/8.HERRAMIENTAS-DE-MANO-Y-DE-PODER_1.mp4\"><div class=\"dzsvg-feed dzsvg-feed--extra-html-before-right-controls\"><div class=\"dzsvg-player-button quality-selector show-only-when-multiple-qualities\">{{svg_quality_icon}}<div class=\"dzsvg-tooltip\">{{quality-options}}<\/div><\/div><\/div><div class=\"extra-controls\"><\/div><div class=\"videoDescription feed-dzsvg description-from-parse_items\">L\u00ednea de fuego - Diciembre 2023<\/div><div class=\"menuDescription from-parse-items\"><div data-imgsrc=\"https:\/\/trainingwtf.com\/wp-content\/uploads\/2023\/12\/2023-12-13_10h13_27.png\"   class=\"divimage imgblock\"><\/div><div class=\"dzs-navigation--item--title-and-meta\"><div class=\"the-title from-parse-items\">HERRAMIENTAS DE MANO Y DE PODER<\/div><div class=\"paragraph from-menu-desc-parse-items\">L\u00ednea de fuego - Diciembre 2023<\/div><\/div><!-- end .title-and-meta --><\/div><\/div><div   class=\"vp9 vplayer-tobe  show-muted-btn\" data-player-id=\"2105\" data-videoTitle=\"MAQUINARIA CON PARTES M&Oacute;VILES\" data-sourcevp=\"https:\/\/trainingwtf.com\/wp-content\/uploads\/2023\/12\/7.MAQUINARIA-CON-PARTES-MOVILES_1.mp4\"><div class=\"dzsvg-feed dzsvg-feed--extra-html-before-right-controls\"><div class=\"dzsvg-player-button quality-selector show-only-when-multiple-qualities\">{{svg_quality_icon}}<div class=\"dzsvg-tooltip\">{{quality-options}}<\/div><\/div><\/div><div class=\"extra-controls\"><\/div><div class=\"videoDescription feed-dzsvg description-from-parse_items\">L\u00ednea de fuego - Diciembre 2023<\/div><div class=\"menuDescription from-parse-items\"><div data-imgsrc=\"https:\/\/trainingwtf.com\/wp-content\/uploads\/2023\/12\/2023-12-13_10h07_29.png\"   class=\"divimage imgblock\"><\/div><div class=\"dzs-navigation--item--title-and-meta\"><div class=\"the-title from-parse-items\">MAQUINARIA CON PARTES M\u00d3VILES<\/div><div class=\"paragraph from-menu-desc-parse-items\">L\u00ednea de fuego - Diciembre 2023<\/div><\/div><!-- end .title-and-meta --><\/div><\/div><div   class=\"vp10 vplayer-tobe  show-muted-btn\" data-player-id=\"2102\" data-videoTitle=\"OBJETOS CON POTENCIAL DE RODAR\" data-sourcevp=\"https:\/\/trainingwtf.com\/wp-content\/uploads\/2023\/12\/6.OBJETOS-CON-POTENCIAL-DE-RODAR_1.mp4\"><div class=\"dzsvg-feed dzsvg-feed--extra-html-before-right-controls\"><div class=\"dzsvg-player-button quality-selector show-only-when-multiple-qualities\">{{svg_quality_icon}}<div class=\"dzsvg-tooltip\">{{quality-options}}<\/div><\/div><\/div><div class=\"extra-controls\"><\/div><div class=\"videoDescription feed-dzsvg description-from-parse_items\">L\u00ednea de fuego - Diciembre 2023<\/div><div class=\"menuDescription from-parse-items\"><div data-imgsrc=\"https:\/\/trainingwtf.com\/wp-content\/uploads\/2023\/12\/2023-12-13_10h00_50.png\"   class=\"divimage imgblock\"><\/div><div class=\"dzs-navigation--item--title-and-meta\"><div class=\"the-title from-parse-items\">OBJETOS CON POTENCIAL DE RODAR<\/div><div class=\"paragraph from-menu-desc-parse-items\">L\u00ednea de fuego - Diciembre 2023<\/div><\/div><!-- end .title-and-meta --><\/div><\/div><div   class=\"vp11 vplayer-tobe  show-muted-btn\" data-player-id=\"2022\" data-videoTitle=\"Posicionamiento de Manos y Cuerpo\" data-sourcevp=\"https:\/\/trainingwtf.com\/wp-content\/uploads\/2023\/11\/1.POSICIONAMIENTO-DE-MANOS-Y-CUERPO_1.mp4\"><div class=\"dzsvg-feed dzsvg-feed--extra-html-before-right-controls\"><div class=\"dzsvg-player-button quality-selector show-only-when-multiple-qualities\">{{svg_quality_icon}}<div class=\"dzsvg-tooltip\">{{quality-options}}<\/div><\/div><\/div><div class=\"extra-controls\"><\/div><div class=\"videoDescription feed-dzsvg description-from-parse_items\">L\u00ednea de fuego - Diciembre 2023<\/div><div class=\"menuDescription from-parse-items\"><div data-imgsrc=\"https:\/\/trainingwtf.com\/wp-content\/uploads\/2023\/11\/2023-11-30_08h43_31.png\"   class=\"divimage imgblock\"><\/div><div class=\"dzs-navigation--item--title-and-meta\"><div class=\"the-title from-parse-items\">Posicionamiento de Manos y Cuerpo<\/div><div class=\"paragraph from-menu-desc-parse-items\">L\u00ednea de fuego - Diciembre 2023<\/div><\/div><!-- end .title-and-meta --><\/div><\/div><div   class=\"vp12 vplayer-tobe  show-muted-btn\" data-player-id=\"2031\" data-videoTitle=\"Objetos Bajo Tensi&oacute;n\" data-sourcevp=\"https:\/\/trainingwtf.com\/wp-content\/uploads\/2023\/11\/2.OBJETOS-BAJO-TENSION_1.mp4\"><div class=\"dzsvg-feed dzsvg-feed--extra-html-before-right-controls\"><div class=\"dzsvg-player-button quality-selector show-only-when-multiple-qualities\">{{svg_quality_icon}}<div class=\"dzsvg-tooltip\">{{quality-options}}<\/div><\/div><\/div><div class=\"extra-controls\"><\/div><div class=\"videoDescription feed-dzsvg description-from-parse_items\">L\u00ednea de fuego - Diciembre 2023<\/div><div class=\"menuDescription from-parse-items\"><div data-imgsrc=\"https:\/\/trainingwtf.com\/wp-content\/uploads\/2023\/11\/2023-11-30_08h44_26.png\"   class=\"divimage imgblock\"><\/div><div class=\"dzs-navigation--item--title-and-meta\"><div class=\"the-title from-parse-items\">Objetos Bajo Tensi\u00f3n<\/div><div class=\"paragraph from-menu-desc-parse-items\">L\u00ednea de fuego - Diciembre 2023<\/div><\/div><!-- end .title-and-meta --><\/div><\/div><\/div><!-- end .items--><\/div><\/div><div class=\"clear\"><\/div><\/div><\/div>\n\t\t\t\t\t\t<\/div>\n\t\t\t\t<\/div>\n\t\t\t\t\t<\/div>\n\t\t<\/div>\n\t\t\t\t\t<\/div>\n\t\t<\/section>\n\t\t\t\t<section class=\"elementor-section elementor-top-section elementor-element elementor-element-3dcbab5 elementor-section-boxed elementor-section-height-default elementor-section-height-default\" data-id=\"3dcbab5\" data-element_type=\"section\" data-settings=\"{&quot;_ha_eqh_enable&quot;:false}\">\n\t\t\t\t\t\t<div class=\"elementor-container elementor-column-gap-default\">\n\t\t\t\t\t<div class=\"elementor-column elementor-col-100 elementor-top-column elementor-element elementor-element-5dc6e5b\" data-id=\"5dc6e5b\" data-element_type=\"column\">\n\t\t\t<div class=\"elementor-widget-wrap elementor-element-populated\">\n\t\t\t\t\t\t<div class=\"elementor-element elementor-element-720b90d elementor-widget elementor-widget-spacer\" data-id=\"720b90d\" data-element_type=\"widget\" data-widget_type=\"spacer.default\">\n\t\t\t\t<div class=\"elementor-widget-container\">\n\t\t\t\t\t\t\t<div class=\"elementor-spacer\">\n\t\t\t<div class=\"elementor-spacer-inner\"><\/div>\n\t\t<\/div>\n\t\t\t\t\t\t<\/div>\n\t\t\t\t<\/div>\n\t\t\t\t\t<\/div>\n\t\t<\/div>\n\t\t\t\t\t<\/div>\n\t\t<\/section>\n\t\t\t\t<\/div>\n\t\t","protected":false},"excerpt":{"rendered":"<p>Galer\u00eda Videos L\u00ednea de Fuego Ver videos Galer\u00eda de Videos:<\/p>\n","protected":false},"author":1,"featured_media":0,"parent":0,"menu_order":0,"comment_status":"closed","ping_status":"closed","template":"","meta":{"site-sidebar-layout":"no-sidebar","site-content-layout":"page-builder","ast-site-content-layout":"","site-content-style":"default","site-sidebar-style":"default","ast-global-header-display":"","ast-banner-title-visibility":"","ast-main-header-display":"","ast-hfb-above-header-display":"","ast-hfb-below-header-display":"","ast-hfb-mobile-header-display":"","site-post-title":"disabled","ast-breadcrumbs-content":"","ast-featured-img":"disabled","footer-sml-layout":"","theme-transparent-header-meta":"default","adv-header-id-meta":"","stick-header-meta":"","header-above-stick-meta":"","header-main-stick-meta":"","header-below-stick-meta":"","astra-migrate-meta-layouts":"default","ast-page-background-enabled":"default","ast-page-background-meta":{"desktop":{"background-color":"","background-image":"","background-repeat":"repeat","background-position":"center center","background-size":"auto","background-attachment":"scroll","background-type":"","background-media":"","overlay-type":"","overlay-color":"","overlay-opacity":"","overlay-gradient":""},"tablet":{"background-color":"","background-image":"","background-repeat":"repeat","background-position":"center center","background-size":"auto","background-attachment":"scroll","background-type":"","background-media":"","overlay-type":"","overlay-color":"","overlay-opacity":"","overlay-gradient":""},"mobile":{"background-color":"","background-image":"","background-repeat":"repeat","background-position":"center center","background-size":"auto","background-attachment":"scroll","background-type":"","background-media":"","overlay-type":"","overlay-color":"","overlay-opacity":"","overlay-gradient":""}},"ast-content-background-meta":{"desktop":{"background-color":"var(--ast-global-color-5)","background-image":"","background-repeat":"repeat","background-position":"center center","background-size":"auto","background-attachment":"scroll","background-type":"","background-media":"","overlay-type":"","overlay-color":"","overlay-opacity":"","overlay-gradient":""},"tablet":{"background-color":"var(--ast-global-color-5)","background-image":"","background-repeat":"repeat","background-position":"center center","background-size":"auto","background-attachment":"scroll","background-type":"","background-media":"","overlay-type":"","overlay-color":"","overlay-opacity":"","overlay-gradient":""},"mobile":{"background-color":"var(--ast-global-color-5)","background-image":"","background-repeat":"repeat","background-position":"center center","background-size":"auto","background-attachment":"scroll","background-type":"","background-media":"","overlay-type":"","overlay-color":"","overlay-opacity":"","overlay-gradient":""}},"footnotes":""},"class_list":["post-2014","page","type-page","status-publish","hentry"],"_links":{"self":[{"href":"https:\/\/trainingwtf.com\/index.php\/wp-json\/wp\/v2\/pages\/2014","targetHints":{"allow":["GET"]}}],"collection":[{"href":"https:\/\/trainingwtf.com\/index.php\/wp-json\/wp\/v2\/pages"}],"about":[{"href":"https:\/\/trainingwtf.com\/index.php\/wp-json\/wp\/v2\/types\/page"}],"author":[{"embeddable":true,"href":"https:\/\/trainingwtf.com\/index.php\/wp-json\/wp\/v2\/users\/1"}],"replies":[{"embeddable":true,"href":"https:\/\/trainingwtf.com\/index.php\/wp-json\/wp\/v2\/comments?post=2014"}],"version-history":[{"count":5,"href":"https:\/\/trainingwtf.com\/index.php\/wp-json\/wp\/v2\/pages\/2014\/revisions"}],"predecessor-version":[{"id":3663,"href":"https:\/\/trainingwtf.com\/index.php\/wp-json\/wp\/v2\/pages\/2014\/revisions\/3663"}],"wp:attachment":[{"href":"https:\/\/trainingwtf.com\/index.php\/wp-json\/wp\/v2\/media?parent=2014"}],"curies":[{"name":"wp","href":"https:\/\/api.w.org\/{rel}","templated":true}]}}